 -10. Calculate the remainder when (-985)/p - (-1)/(-4) is divided by b.
10
Suppose 0 = o - 19 - 3. Calculate the remainder when o is divided by 12.
10
Suppose 5*d - 21 = -6. Let y(g) = -3*g**2 - 2*g - 3*g + 4 + 6*g**2 + 0. What is the remainder when 30 is divided by y(d)?
14
Let j be (-2)/5 + 944/10. Let t = j + -66. Calculate the remainder when t is divided by 10.
8
Let t(n) = n**2 + 7*n - 16. What is the remainder when t(-11) is divided by 12?
4
Suppose 2*m + 2*t = 10, 4*t - 5 = -m - 0. Calculate the remainder when 34 is divided by m.
4
Suppose -4*w = -g + 21, 2*g + 4*w = w - 2. Suppose 19 + g = -3*u. What is the remainder when 31 is divided by u/(-3 + 4 + -2)?
7
Let x(n) = n**3 - 5*n**2 - 5*n + 3. Calculate the remainder when 2/(-6)*(-1 + -50) is divided by x(6).
8
Let l = 7 - 13. Let d(v) = v**3 + 6*v**2 - v + 1. Suppose -5*n + 5*f = -75, -10 + 4 = 2*f. What is the remainder when n is divided by d(l)?
5
Suppose -5*f - 24 + 134 = 0. What is the remainder when f is divided by 12?
10
Let m = 38 - 57. Let s(w) = -3*w - 3. Let o be s(2). Let a = o - m. What is the remainder when 39 is divided by a?
9
What is the remainder when ((-15)/(-5) + 0)*(-392)/(-6) is divided by 22?
20
Let w(q) = -3*q - 40. Suppose 2*z + 14 = -5*n, -3*n = 4*z - z + 12. What is the remainder when w(-18) is divided by (-2)/4*5*n?
4
Let a(x) = 21*x**3 - x**2 + 2*x - 2. What is the remainder when 99 is divided by a(1)?
19
Calculate the remainder when ((-33)/5)/((-4)/(-20)*-1) is divided by 6.
3
Let g(c) = 2*c - 2. Let x be g(7). Let o be (-25)/10*x/(-10). Suppose o*r = k + 1, 0 = -k - 4*k - 2*r + 29. Calculate the remainder when 18 is divided by k.
3
Let y = -7 + 13. Let b = 149 + -147. What is the remainder when y is divided by b?
0
Let a(s) = 23*s - 2. Calculate the remainder when 145 is divided by a(1).
19
Calculate the remainder when (-20)/8*20/8*-4 is divided by 14.
11
Let l(v) = -v**3 + 5*v**2 + 3*v - 1. Calculate the remainder when 129 is divided by l(3).
25
Let j(s) = s + 58. Calculate the remainder when j(-10) is divided by 27.
21
Suppose -p + k = -5*p + 62, -2*k - 41 = -3*p. What is the remainder when 56 is divided by p?
11
Let c(v) = v**3 + 4*v**2 - 7*v - 6. What is the remainder when c(-4) is divided by 12?
10
Let k(o) be the first derivative of o - 5/3*o**3 + 0*o**2 + 1/4*o**4 + 1. Calculate the remainder when 1 is divided by k(5).
0
Let f = -48 + 84. Let l = -18 + f. Calculate the remainder when 69 is divided by l.
15
Suppose 0 = r + 2*r - d - 17, r = -2*d + 8. Suppose r*q - 5*q = 3. What is the remainder when 8 is divided by q?
2
Suppose 0 = -n - 15 - 24. Calculate the remainder when 23 is divided by (-6)/3*n/6.
10
Suppose 3*p = -0*p + 30. Let a(x) = -x**2 - 10*x. Let u be a(-6). Suppose o - 23 = -4*k, -5*k = -0*o + o - u. What is the remainder when o is divided by p?
9
Let c be (2 + -3)*-2*-4. Let r be 41/3 + 2/6. Let x = c + r. Calculate the remainder when 11 is divided by x.
5
Let p = -7 - -3. Let q be 259/4 + (-1)/p. Suppose -5*o - 5*y + q = 0, 17 = 2*o + 3*y - 4*y. Calculate the remainder when o is divided by 3.
1
Let j(f) = f**3 + 6*f**2 + 2*f - 1. Let z(t) = 2*t**3 - 3*t**2 + 2*t + 2. Let p be z(2). What is the remainder when j(-5) is divided by (-2)/p + (-82)/(-10)?
6
Let k be 20*3/((-3)/(-1)). Let u be 1/(((-1)/(-1))/k). Let n = 64 - u. What is the remainder when n is divided by 15?
14
Let d = 2 - -3. Suppose -d*i + 4*b = -84, 0*b = 2*b + 2. What is the remainder when 45 is divided by i?
13
Suppose 0 = -3*k - k - 12. Let j be 0 - k - (1 + 6). Let i = 7 + j. What is the remainder when 4 is divided by i?
1
Suppose 2*u + 9 = 23. What is the remainder when u is divided by 2?
1
Suppose -t + 3*x = -116, 0 = t - 0*x + 3*x - 140. Calculate the remainder when t is divided by 44.
40
Let s be (2 + -1)*(1 - -7). What is the remainder when 58 is divided by 10/s*16/1?
18
Suppose 2 = -r, -3*r + 5 = k + 4. Calculate the remainder when 24 is divided by k.
3
What is the remainder when (0 - (-3 + 1)) + 2 is divided by 3?
1
Calculate the remainder when 11 is divided by -4 + (-6)/(-3) - -6.
3
Suppose -5*c + 2*c + 6 = 0. Suppose c*q - 84 = -2*q. What is the remainder when q is divided by 11?
10
Let k = 21 + -9. Suppose -20 = -0*b - 4*b. Calculate the remainder when k is divided by b.
2
What is the remainder when 11/(-77) + 1318/14 is divided by 12?
10
Suppose 5*h + 2*w - 7 - 34 = 0, -19 = -h - 4*w. What is the remainder when 41 is divided by h?
6
Let j = -21 + 25. Suppose j*g = 5*g - 46. Let y(t) = t**3 + 5*t**2 + t + 4. What is the remainder when g is divided by y(-4)?
14
Suppose 4*c + 4*s - 64 = 0, -5*c - 5 = -3*s - 61. Suppose -k = -5*k - 124. Let w = -26 - k. Calculate the remainder when c is divided by w.
3
Suppose -6*s + 127 = 13. Suppose -5*k - 52 = -957. Let r = -125 + k. Calculate the remainder when r is divided by s.
18
Suppose 2*p - 502 = -3*p - 3*j, -305 = -3*p + 2*j. Suppose 4*m - 2*y + 55 = 189, -73 = -2*m - 5*y. Calculate the remainder when p is divided by m.
33
Let j(l) = -l**3 - 8*l**2 - 21*l - 1. What is the remainder when j(-5) is divided by 5?
4
Let v(j) be the first derivative of 2*j**3/3 + 3*j**2/2 - j + 1. Suppose -2*i - i = -6. What is the remainder when 25 is divided by v(i)?
12
Suppose -a - 15 + 23 = 0. Calculate the remainder when 28 is divided by a.
4
Let r = 13 + -11. Suppose -3*g + 3 = w + r*g, -4*w = 5*g - 42. What is the remainder when (-3)/2*152/(-6) is divided by w?
12
Suppose -4*m = 5*s, 3*s + 2*m = -2*m - 8. What is the remainder when 10 is divided by s?
2
Let d(x) = 6*x - 3. Let j(k) = k**2 - 6*k + 5. Let g be j(6). Suppose 5*c + 2*b - 5 = 3, g*b + 13 = 4*c. What is the remainder when d(c) is divided by 5?
4
Suppose -2*g + 7*g = 175. Suppose 0 = -150*h + 139*h + 198. Calculate the remainder when g is divided by h.
17
Let b(o) = o**3 - 6*o**2 + o - 2. Let w be b(6). Let g be w*(1 + (-3)/(-6)). What is the remainder when (-4)/g*(-186)/4 is divided by 11?
9
Suppose -w = -3*g - 2*g - 18, 5*w = -5*g + 150. Let d = 44 - 70. Let z = -16 - d. What is the remainder when w is divided by z?
8
Let g = 88 - 68. Calculate the remainder when 59 is divided by g.
19
Calculate the remainder when 3 is divided by -2 - (-2 - 3) - 0.
0
Let v = 27 + -18. Let i = -4 - -7. What is the remainder when (2/i)/((-6)/(-225)) is divided by v?
7
Calculate the remainder when 24 is divided by (14 - 4)*3/2.
9
Let l(p) = -18*p**3 + p**2 + p + 1. Suppose -56 = -11*w + 10*w. What is the remainder when w is divided by l(-1)?
18
Let b be (-6)/(-9) + 8/6. Let r = 57 - 28. Suppose 4*j = -5*h + r, -b*h = j - 6*j - 5. What is the remainder when 9 is divided by h?
4
Let v(i) = 3*i**3 - 3*i**2 + 3*i - 3. Let s = 2 + -3. Let t(u) = u**3 - u**2 - 1. Let x(y) = s*v(y) + 4*t(y). What is the remainder when 15 is divided by x(3)?
7
Let p = 0 + 3. Suppose 3*s = -c + 4, p*c + 2*s = 2*c + 3. What is the remainder when (-2 + 48 + 1)*c is divided by 16?
15
What is the remainder when (-5 - 0 - -7) + 3/1 is divided by 4?
1
Let c(q) be the third derivative of q**5/10 + q**4/12 - q**3/2 - 2*q**2. Calculate the remainder when 97 is divided by c(2).
22
Let w(t) = t**2 + 9*t - 8. Let x be w(-7). Let a = 1 - 0. What is the remainder when (x/(-4))/(a/6) is divided by 17?
16
Suppose 5*c = -3*m + 79, m - 5*c - 33 = -0*m. What is the remainder when 278 is divided by m?
26
Let a = 18 - -4. What is the remainder when 85 is divided by a?
19
Let t = -68 + 76. What is the remainder when 69 is divided by t?
5
Let s = 130 + -122. Calculate the remainder when (-2)/(-8) + (-177)/(-12) is divided by s.
7
Suppose -11*r + 3*o + 29 = -6*r, 3*r - 13 = 4*o. Let n(a) = a**3 + a + 2. Let l be n(0). What is the remainder when r is divided by l/(3 - 1) - -2?
1
Suppose 3*s = -2*s + 85. Calculate the remainder when 65 is divided by s.
14
Let t(y) = -y**3 - 7*y**2 - 5*y + 11. Calculate the remainder when 43 is divided by t(-6).
3
What is the remainder when 4/(-5) - (-790)/50 is divided by 9?
6
Let x = -10 + 87. Calculate the remainder when x is divided by 29.
19
Suppose -4*q - 22 = -2*t, 2*t - 6*t + 2*q + 68 = 0. Let z = -9 - -20. Calculate the remainder when t is divided by z.
8
Suppose -5*t = 4*n + 86 - 245, 2*n - 157 = -5*t. Calculate the remainder when 61 is divided by t.
30
Suppose 94 = 4*g - 2*r, 4*g - 5*r + 9 = 10